 t**2 + 31*t - 5761. Give d(62).
5
Let c(k) = -2*k**2 + 61*k - 10. Calculate c(31).
-41
Let a(v) = -33*v**2 - 142*v - 144. What is a(-1)?
-35
Let n(u) = -7395*u - 14788. Calculate n(-2).
2
Let l(w) = 4*w - 239. Calculate l(52).
-31
Let n(a) = 3*a**3 - 15*a**2 - 50*a + 1. Give n(-3).
-65
Let l(p) = -2*p**2 - 16*p + 24. What is l(-8)?
24
Let h(k) = -k**3 + 11*k**2 + 10*k - 268. Calculate h(8).
4
Let z(i) = 29*i**2 + 36*i - 6. Determine z(-5).
539
Let s(l) = 4*l**2 + 28*l - 15. Calculate s(-11).
161
Let w(m) = m**3 - 39*m**2 - 313*m + 10923. What is w(40)?
3
Let n(l) = -174*l**2 - 2083*l + 58. What is n(-12)?
-2
Let l(i) = i**3 + 9*i**2 + i + 6. Calculate l(-4).
82
Let v(c) = -7*c**2 + 35*c + 95. What is v(7)?
-3
Let n(i) = i**3 - 13*i**2 + 32*i + 21. What is n(13)?
437
Let x(i) = 16*i - 37. Give x(3).
11
Let v(c) = -19*c - 809. Calculate v(-42).
-11
Let s(g) = 8*g**2 + 129*g + 287. Give s(-14).
49
Let d(l) = 3*l**3 - 41*l**2 - 20*l + 30. Determine d(14).
-54
Let f(g) = 2*g**3 + 22*g**2 - 101*g + 12. Determine f(4).
88
Let v(j) = -j**2 - 67*j - 1034. What is v(-24)?
-2
Let i(c) = 632*c - 957. Determine i(3).
939
Let f(l) = 9*l**3 + 352*l**2 + 40*l - 79. Calculate f(-39).
-118
Let x(n) = -79*n - 197. What is x(-4)?
119
Let m(v) = -v**3 - 20*v**2 - 91*v + 134. Calculate m(-7).
134
Let d(a) = -28*a - 73. What is d(-3)?
11
Let k(d) = 7*d**2 - 318*d + 1301. Determine k(4).
141
Let w(n) = -339*n - 8642. Calculate w(-25).
-167
Let k(y) = 3*y**2 - 34*y + 51. Give k(9).
-12
Let o(b) = -65*b + 761. Calculate o(12).
-19
Let n(q) = q**2 - 15*q - 127. Calculate n(-15).
323
Let j(o) = -1093*o - 50278. Determine j(-46).
0
Let p(o) = -o**2 - 93*o - 292. Determine p(0).
-292
Let z(r) = 67*r + 1210. Determine z(-18).
4
Let p(m) = m**2 - 4*m + 200. Determine p(0).
200
Let l(a) = 67*a + 78. Determine l(-4).
-190
Let d(i) = 13*i**2 - 83*i - 6. Calculate d(6).
-36
Let r(f) = -2512*f + 15077. What is r(6)?
5
Let s(u) = u**2 + 159*u + 3187. What is s(-24)?
-53
Let k(l) = -7544*l - 30174. Give k(-4).
2
Let r(y) = y**2 + 93*y + 299. What is r(-91)?
117
Let p(j) = -j**3 - 4*j**2 + 49*j + 193. Give p(-8).
57
Let t(c) = 2*c**3 + 116*c**2 - 116*c + 108. Determine t(-59).
-10
Let u(v) = -42*v - 760. Calculate u(-17).
-46
Let r(u) = -u**2 - 57*u + 654. Calculate r(10).
-16
Let w(h) = -212*h - 12246. Determine w(-58).
50
Let o(b) = b**3 + 13*b**2 + 33*b + 13. Determine o(-7).
76
Let f(m) = -m**3 - 10*m**2 + 457*m + 4538. Calculate f(-10).
-32
Let s(f) = -94*f - 6094. Give s(-65).
16
Let j(u) = u**2 - 10*u - 31. Give j(-11).
200
Let j(f) = 13*f**2 + 166*f - 626. Calculate j(4).
246
Let t(o) = o**3 + 23*o**2 + 9*o - 6. What is t(-3)?
147
Let m(u) = -u + 100. Give m(-41).
141
Let v(q) = 124*q + 860. Calculate v(-7).
-8
Let w(k) = 7*k**2 + 2692*k - 5413. Determine w(2).
-1
Let a(w) = 5*w**3 - 7*w**2 + 5*w + 52. What is a(-4)?
-400
Let y(q) = 14*q - 264. What is y(-29)?
-670
Let w(s) = -48*s - 2924. Calculate w(-61).
4
Let j(z) = -2*z**3 - 15*z**2 + 137*z + 23. Determine j(7).
-439
Let q(f) = -f**3 - 3*f**2 + 7*f + 17. Calculate q(-4).
5
Let k(t) = -2121*t + 8493. Calculate k(4).
9
Let b(v) = -9*v**3 + 33*v**2 + 111*v + 17. What is b(-2)?
-1
Let l(f) = -5*f**3 - 2*f**2 + 6*f - 13. Determine l(2).
-49
Let l(t) = 5*t**3 + 17*t**2 - 22*t + 6. Calculate l(-4).
46
Let m(g) = -g**3 + 28*g**2 - 99*g + 35. Determine m(24).
-37
Let i(p) = p**3 + 10*p**2 - 11*p - 9. Determine i(-6).
201
Let d(z) = 6*z - 14. Give d(3).
4
Let t(d) = 2*d**3 - 3*d**2 + 4*d + 18. Give t(-2).
-18
Let u(q) = q**2 + 8*q + 14. Give u(-3).
-1
Let k(g) = g**2 + 140*g + 643. What is k(-135)?
-32
Let u(y) = y**2 + 2*y - 11. What is u(-4)?
-3
Let b(j) = -2*j**2 + 46*j + 1718. Give b(43).
-2
Let q(a) = 202*a - 25. What is q(2)?
379
Let c(v) = -v**3 - 13*v**2 - 36*v + 12. What is c(-9)?
12
Let d(c) = c**3 - 29*c**2 + 206*c + 37. What is d(16)?
5
Let d(u) = -u**3 + 13*u**2 + 4*u + 158. Determine d(14).
18
Let b(k) = 5*k**2 + 112*k + 160. Give b(-21).
13
Let u(t) = -2*t - 18. Give u(57).
-132
Let u(x) = -x**3 - 31*x**2 - 61*x - 96. What is u(-29)?
-9
Let m(q) = 5*q**2 + 238*q + 58. Give m(-49).
401
Let d(v) = -2*v**2 - 281*v - 3056. What is d(-12)?
28
Let f(r) = -r**3 - 47*r**2 - 144*r - 520. Calculate f(-44).
8
Let w(f) = -17*f**3 + 12*f**2 + 8*f - 4. Give w(-1).
17
Let p(u) = u**3 + 28*u**2 + 24*u - 59. What is p(-27)?
22
Let b(v) = 2*v**3 - 35*v**2 + 16*v - 32. Calculate b(17).
-49
Let s(j) = 4*j**2 - 245*j + 708. Determine s(3).
9
Let b(x) = -x**3 + 17*x**2 - 18*x + 40. Calculate b(16).
8
Let g(x) = -55010*x - 110014. What is g(-2)?
6
Let p(r) = -4*r**2 + 634*r - 5084. Give p(8).
-268
Let t(x) = x**3 + 48*x**2 + 90*x - 85. What is t(-46)?
7
Let l(j) = j**3 - 12*j**2 - 9*j + 45. Give l(12).
-63
Let s(c) = -c**2 - 57*c - 726. Give s(-19).
-4
Let i(o) = 22*o**2 + 52*o - 7. Calculate i(-5).
283
Let a(j) = -j**3 - 41*j**2 - 22*j - 898. Calculate a(-41).
4
Let f(m) = -m**2 + 164*m - 1090. What is f(7)?
9
Let m(r) = 19*r - 671. Give m(34).
-25
Let y(w) = -w**3 + 14*w**2 - 43*w - 26. Calculate y(9).
-8
Let t(j) = 299*j + 22125. Give t(-74).
-1
Let c(s) = -s**3 - 2*s**2 + 27*s + 31. Calculate c(5).
-9
Let o(n) = 2*n**2 + 37*n + 164. Calculate o(-5).
29
Let a(l) = 2*l**3 + 4*l**2 - 7*l + 5. What is a(-4)?
-31
Let j(n) = 2*n**3 + 9*n**2 + 12*n + 42. Determine j(-4).
10
Let a(l) = -460*l - 14207. Calculate a(-31).
53
Let p(j) = -676*j - 20277. Determine p(-30).
3
Let a(r) = -r**2 + 16*r + 75. What is a(-4)?
-5
Let l(k) = -k**3 - 11*k**2 - 13*k + 35. Give l(-11).
178
Let i(q) = -q**3 + q**2 + 108*q - 34. Determine i(-10).
-14
Let m(x) = 3*x**2 - 61*x - 710. Calculate m(-10).
200
Let i(a) = 18*a + 179. Give i(-8).
35
Let a(d) = 18234*d - 218817. Calculate a(12).
-9
Let k(v) = -v**3 - 37*v**2 - 56*v - 596. Determine k(-36).
124
Let b(l) = 5*l**2 - 230*l - 991. Calculate b(50).
9
Let b(p) = 31*p**2 + 619*p - 673. Determine b(-21).
-1
Let g(x) = -60*x + 3166. Give g(65).
-734
Let l(a) = 73*a + 4468. Give l(-62).
-58
Let a(s) = -35*s - 679. Determine a(-22).
91
Let a(h) = 7*h**3 - 239*h**2 + 29*h + 165. Determine a(34).
-5
Let b(l) = -3*l**2 - 171*l - 496. What is b(-54)?
-10
Let f(l) = l**3 + 7*l**2 + 12*l + 30. What is f(-4)?
30
Let d(p) = 12*p + 26. What is d(-2)?
2
Let t(v) = -v**3 + 13*v**2 - 2*v - 27. Determine t(6).
213
Let h(w) = -30*w - 1372. Give h(-46).
8
Let j(n) = 24*n - 184. Calculate j(5).
-64
Let q(y) = -16*y**2 - 5*y + 136. Give q(6).
-470
Let q(t) = 522*t + 17849. Calculate q(-34).
101
Let d(c) = c**3 + 99*c**2 + 292*c + 402. Calculate d(-96).
18
Let b(y) = -y**3 - 15*y**2 - 42*y - 10. Determine b(-8).
-122
Let r(l) = 310*l + 1961. What is r(-6)?
101
Let n(y) = y**2 - 52*y + 109. Give n(2).
9
Let a(s) = -90*s**3 - 3*s**2 - 5*s - 4. What is a(-1)?
88
Let h(v) = -7*v**3 - 6*v**2 - 43*v + 47. What is h(1)?
-9
Let t(l) = -4*l**2 - 66*l + 2. Give t(-5).
232
Let j(c) = -c**3 + 11*c**2 + 116*c - 975. Give j(8).
145
Let y(m) = 33093*m - 165473. Give y(5).
-8
Let i(m) = 22*m**2 + 166*m + 21. Give i(-9).
309
Let z(h) = 103*h**3 - 929*h**2 + 10*h + 77. Determine z(9).
5
Let b(m) = 12*m + 377. What is b(-33)?
-19
Let z(g) = -187*g**2 + 1140*g - 92. Give z(6).
16
Let v(f) = 4*f**2 - 178*f - 179. Give v(-1).
3
Let b(l) = -205*l + 13734. Give b(67).
-1
Let f(n) = 30*n + 189. What is f(-7)?
-21
Let a(h) = 17*h + 22. Calculate a(3).
73
Let b(h) = 8*h**3 + 14*h**2 - 18*h + 5. What is b(1)?
9
Let a(l) = -l**3 - 38*l**2 - 265*l - 1503. Calculate a(-31).
-15
Let a(r) = r**2 + 63*r - 512. What is a(7)?
-22
Let r(z) = z**3 - 12*z**2 + 29*z - 63. Calculate r(10).
27
Let p(d) = -7*d**2 + 26*d - 17. What is p(3)?
-2
Let p(o) = 16*o**2 + 89*o - 19. Calculate p(-7).
142
Let p(x) = -3*x**2 - 2*x + 65. Determine p(-6).
-31
Let m(j) = 15*j + 164. What is m(-12)?
-16
Let z(v) = 135*v + 987. Give z(-7).
42
Let s(j) = -j**3 - 11*j**2 + 17*j + 228. What is s(-11)?
41
Let l(n) = -2*n**2 - 21*n + 57. Determine l(-13).
-8
Let m(h) = -h**3 + 5*h**2 - 2*h + 17. Calculate m(8).
-191
Let z(s) = s**2 - 261*s - 17376. Determine z(-55).
4
Let h(k) = 2*k**2 - 415*k - 4359. Give h(-10).
-9
Let x(j) = -j**3 - 27*j**2 + 112*j + 646. Calculate x(-30).
-14
Let h(g) = g**3 + 42*g**2 - 79*g + 399. Determine h(-44).
3
Let n(z) = 194*z - 1169. Calculate n(6).
-5
Let b(a) =